{"id":492,"date":"2025-01-28T09:52:19","date_gmt":"2025-01-28T08:52:19","guid":{"rendered":"http:\/\/localhost:8888\/villasequoia\/index.php\/conditions-generales-utilisation\/"},"modified":"2025-03-25T11:18:31","modified_gmt":"2025-03-25T10:18:31","slug":"mentions-legales","status":"publish","type":"page","link":"https:\/\/lavillasequoia.fr\/index.php\/mentions-legales\/","title":{"rendered":"Mentions-l\u00e9gales"},"content":{"rendered":"\t\t<div data-elementor-type=\"wp-page\" data-elementor-id=\"492\" class=\"elementor elementor-492\">\n\t\t\t\t<div class=\"elementor-element elementor-element-45e10ee7 e-flex e-con-boxed e-con e-parent\" data-id=\"45e10ee7\" data-element_type=\"container\" data-e-type=\"container\">\n\t\t\t\t\t<div class=\"e-con-inner\">\n\t\t\t\t<div class=\"elementor-element elementor-element-181e9ec elementor-widget elementor-widget-text-editor\" data-id=\"181e9ec\" data-element_type=\"widget\" data-e-type=\"widget\" data-widget_type=\"text-editor.default\">\n\t\t\t\t<div class=\"elementor-widget-container\">\n\t\t\t\t\t\t\t\t\t<p>\u00a0<\/p>\n<hr \/>\n<p><strong>Mentions L\u00e9gales<\/strong><\/p>\n<h2><strong data-start=\"251\" data-end=\"273\">\u00c9diteur du site<\/strong><\/h2>\n<p>Le site <strong>La Villa S\u00e9quoia<\/strong> est \u00e9dit\u00e9 par <strong>La Villa S\u00e9quoia <\/strong>sise 7, rue des Herbues, 10800 Les Bordes-Aumont, France. E-mail : contact@lavillasequoia.fr<br \/>T\u00e9l\u00e9phone : 07 82 99 63 70<\/p>\n<h2><strong>H\u00e9bergement<\/strong><\/h2>\n<p>Le site est h\u00e9berg\u00e9 par : <strong>OVH <\/strong>2 rue Kellermann, 59100 Roubaix, France T\u00e9l\u00e9phone : 1007<br \/>Site web : <a href=\"https:\/\/www.ovh.com\">https:\/\/www.ovh.com<\/a><\/p>\n<h2 data-start=\"671\" data-end=\"707\"><strong data-start=\"674\" data-end=\"705\">Propri\u00e9t\u00e9 intellectuelle<\/strong><\/h2>\n<p data-start=\"708\" data-end=\"1045\">L\u2019ensemble du contenu pr\u00e9sent sur le site <strong data-start=\"750\" data-end=\"770\">La Villa S\u00e9quoia<\/strong> (textes, images, vid\u00e9os, logos, \u00e9l\u00e9ments graphiques, etc.) est prot\u00e9g\u00e9 par le droit d\u2019auteur et est la propri\u00e9t\u00e9 exclusive de <strong data-start=\"897\" data-end=\"917\">La Villa S\u00e9quoia<\/strong>, sauf mention contraire. Toute reproduction, modification ou diffusion sans autorisation pr\u00e9alable est strictement interdite.<\/p>\n<h2><strong>Wedesign <\/strong><\/h2>\n<p>R\u00e9alis\u00e9 par Sophie \/\/ Graphiste. Site : https:\/\/sogaraphiste.fr<\/p>\n<h2 data-start=\"1047\" data-end=\"1073\"><strong data-start=\"1050\" data-end=\"1071\">Responsabilit\u00e9<\/strong><\/h2>\n<p data-start=\"1074\" data-end=\"1302\">L\u2019\u00e9diteur du site met tout en \u0153uvre pour assurer l\u2019exactitude et la mise \u00e0 jour des informations publi\u00e9es. Cependant, il ne peut \u00eatre tenu responsable des \u00e9ventuelles erreurs, omissions ou indisponibilit\u00e9s temporaires du site.<\/p>\n<h2 data-start=\"1304\" data-end=\"1337\"><strong data-start=\"1307\" data-end=\"1335\">Formulaire de contact<\/strong><\/h2>\n<p data-start=\"1338\" data-end=\"1516\">Les informations transmises via le formulaire de contact sont utilis\u00e9es uniquement pour r\u00e9pondre aux demandes des utilisateurs. Elles ne sont ni vendues, ni c\u00e9d\u00e9es \u00e0 des tiers.<\/p>\n<h2 data-start=\"1518\" data-end=\"1552\"><strong data-start=\"1521\" data-end=\"1550\">6. R\u00e9servation via Elloha<\/strong><\/h2>\n<p data-start=\"1553\" data-end=\"1934\">Le site redirige les utilisateurs vers la plateforme <strong data-start=\"1606\" data-end=\"1616\">Elloha<\/strong> pour la r\u00e9servation des chambres. <strong data-start=\"1651\" data-end=\"1671\">La Villa S\u00e9quoia<\/strong> n&rsquo;est pas responsable des donn\u00e9es collect\u00e9es par <strong data-start=\"1721\" data-end=\"1731\">Elloha<\/strong> ni de la gestion des r\u00e9servations effectu\u00e9es sur cette plateforme. Nous vous invitons \u00e0 consulter les <strong data-start=\"1834\" data-end=\"1858\">conditions g\u00e9n\u00e9rales<\/strong> et la <strong data-start=\"1865\" data-end=\"1897\">politique de confidentialit\u00e9<\/strong> d&rsquo;Elloha pour plus d\u2019informations.<\/p>\n<h2 data-start=\"1936\" data-end=\"1979\"><strong data-start=\"1939\" data-end=\"1977\">Donn\u00e9es personnelles et cookies<\/strong><\/h2>\n<p data-start=\"1980\" data-end=\"2042\">Certaines donn\u00e9es personnelles peuvent \u00eatre collect\u00e9es via :le formulaire de contact, les cookies de navigation.<br data-start=\"2099\" data-end=\"2102\" \/>Ces donn\u00e9es sont trait\u00e9es conform\u00e9ment \u00e0 la r\u00e9glementation en vigueur (RGPD). Pour plus de d\u00e9tails.<\/p>\n<p>Nous ne vendons, ni ne louons ni ne communiquons gratuitement \u00e0 des tiers les informations vous concernant.<br \/>Toutes les informations vous concernant r\u00e9colt\u00e9es dans les formulaires disponibles sur ce site sont destin\u00e9es \u00e0 notre \u00e9tablissement.<\/p>\n<p>Ce site est prot\u00e9g\u00e9 par reCAPTCHA et la politique de confidentialit\u00e9 de Google :<br \/><a href=\"https:\/\/policies.google.com\/privacy\">Politique de confidentialit\u00e9<\/a> \u2013\u00a0<a href=\"https:\/\/policies.google.com\/terms\">Conditions d\u2019utilisation<\/a><\/p>\n<p>\u00a0<\/p>\n<p>\u00a0<\/p>\n<p>\u00a0<\/p>\n<!-- \/wp:paragraph -->\t\t\t\t\t\t\t\t<\/div>\n\t\t\t\t<\/div>\n\t\t\t\t\t<\/div>\n\t\t\t\t<\/div>\n\t\t\t\t<\/div>\n\t\t","protected":false},"excerpt":{"rendered":"<p>\u00a0 Mentions L\u00e9gales \u00c9diteur du site Le site La Villa S\u00e9quoia est \u00e9dit\u00e9 par La Villa S\u00e9quoia sise 7, rue des Herbues, 10800 Les Bordes-Aumont, France. E-mail : contact@lavillasequoia.frT\u00e9l\u00e9phone : 07 82 99 63 70 H\u00e9bergement Le site est h\u00e9berg\u00e9 par : OVH 2 rue Kellermann, 59100 Roubaix, France T\u00e9l\u00e9phone : 1007Site web : https:\/\/www.ovh.com [&hellip;]<\/p>\n","protected":false},"author":1,"featured_media":0,"parent":0,"menu_order":0,"comment_status":"closed","ping_status":"closed","template":"elementor_canvas","meta":{"_monsterinsights_skip_tracking":false,"_monsterinsights_sitenote_active":false,"_monsterinsights_sitenote_note":"","_monsterinsights_sitenote_category":0,"footnotes":""},"class_list":["post-492","page","type-page","status-publish","hentry"],"aioseo_notices":[],"jetpack_sharing_enabled":true,"_links":{"self":[{"href":"https:\/\/lavillasequoia.fr\/index.php\/wp-json\/wp\/v2\/pages\/492","targetHints":{"allow":["GET"]}}],"collection":[{"href":"https:\/\/lavillasequoia.fr\/index.php\/wp-json\/wp\/v2\/pages"}],"about":[{"href":"https:\/\/lavillasequoia.fr\/index.php\/wp-json\/wp\/v2\/types\/page"}],"author":[{"embeddable":true,"href":"https:\/\/lavillasequoia.fr\/index.php\/wp-json\/wp\/v2\/users\/1"}],"replies":[{"embeddable":true,"href":"https:\/\/lavillasequoia.fr\/index.php\/wp-json\/wp\/v2\/comments?post=492"}],"version-history":[{"count":13,"href":"https:\/\/lavillasequoia.fr\/index.php\/wp-json\/wp\/v2\/pages\/492\/revisions"}],"predecessor-version":[{"id":2441,"href":"https:\/\/lavillasequoia.fr\/index.php\/wp-json\/wp\/v2\/pages\/492\/revisions\/2441"}],"wp:attachment":[{"href":"https:\/\/lavillasequoia.fr\/index.php\/wp-json\/wp\/v2\/media?parent=492"}],"curies":[{"name":"wp","href":"https:\/\/api.w.org\/{rel}","templated":true}]}}